{"id":127,"date":"2025-11-26T16:11:56","date_gmt":"2025-11-26T16:11:56","guid":{"rendered":"https:\/\/construcao2026.web.ua.pt\/?page_id=127"},"modified":"2026-02-09T16:44:31","modified_gmt":"2026-02-09T16:44:31","slug":"comissoes","status":"publish","type":"page","link":"https:\/\/construcao2026.web.ua.pt\/index.php\/comissoes\/","title":{"rendered":"Comiss\u00f5es"},"content":{"rendered":"\n<p class=\"has-light-green-cyan-background-color has-background has-medium-font-size\"><strong>Comiss\u00e3o Organizadora<\/strong><\/p>\n\n\n\n<!--\n<table style=\"width:100%; border-collapse: collapse; font-size:11pt;\">\n  <tr>\n    <td style=\"padding: 10px; border: 1px solid #ccc;\">Victor Ferreira (Presidente) (U. Aveiro)<\/td>\n    <td style=\"padding: 10px; border: 1px solid #ccc;\">Hugo Rodrigues (U. Aveiro)<\/td>\n  <\/tr>\n  <tr>\n    <td style=\"padding: 10px; border: 1px solid #ccc;\">Romeu Vicente (Vice-Presidente) (U. Aveiro)<\/td>\n    <td style=\"padding: 10px; border: 1px solid #ccc;\">In\u00eas Meireles (U. Aveiro)<\/td>\n  <\/tr>\n  <tr>\n    <td style=\"padding: 10px; border: 1px solid #ccc;\">Agostinho Benta (U. Aveiro)<\/td>\n    <td style=\"padding: 10px; border: 1px solid #ccc;\">Maria Fernanda Rodrigues (U. Aveiro)<\/td>\n  <\/tr>\n  <tr>\n    <td style=\"padding: 10px; border: 1px solid #ccc;\">Ana Velosa (U. Aveiro)<\/td>\n    <td style=\"padding: 10px; border: 1px solid #ccc;\">Margarida Pinho Lopes (U. Aveiro)<\/td>\n  <\/tr>\n  <tr>\n    <td style=\"padding: 10px; border: 1px solid #ccc;\">Ant\u00f3nio Jos\u00e9 Figueiredo (U.Aveiro)<\/td>\n    <td style=\"padding: 10px; border: 1px solid #ccc;\">Miguel Morais (U. Aveiro)<\/td>\n  <\/tr>\n  <tr>\n    <td style=\"padding: 10px; border: 1px solid #ccc;\">Carlos Couto (U. Aveiro)<\/td>\n    <td style=\"padding: 10px; border: 1px solid #ccc;\">Neusa Lima (U. Aveiro)<\/td>\n  <\/tr>\n  <tr>\n    <td style=\"padding: 10px; border: 1px solid #ccc;\">Joaquim Macedo (U. Aveiro)<\/td>\n    <td style=\"padding: 10px; border: 1px solid #ccc;\">Paulo Barreto Cachim (U. Aveiro)<\/td>\n  <\/tr>\n  <tr>\n    <td style=\"padding: 10px; border: 1px solid #ccc;\">Guilherme Ascens\u00e3o (U. Aveiro)<\/td>\n    <td style=\"padding: 10px; border: 1px solid #ccc;\">V\u00edtor Silva (U. Aveiro)<\/td>\n  <\/tr>\n<\/table>\n-->\n\n\n\n<figure class=\"wp-block-table\"><table class=\"has-fixed-layout\"><tbody><tr><td>Victor Ferreira (presidente) (U. Aveiro)<\/td><td>Hugo Rodrigues (U. Aveiro)<\/td><\/tr><tr><td>Romeu Vicente (vice-presidente) (U. Aveiro)<\/td><td>In\u00eas Meireles (U. Aveiro)<\/td><\/tr><tr><td>Agostinho Benta (U. Aveiro)<\/td><td>Maria Fernanda Rodrigues (U. Aveiro)<\/td><\/tr><tr><td>Ana Velosa (U. Aveiro)<\/td><td>Margarida Pinho Lopes (U. Aveiro)<\/td><\/tr><tr><td>Ant\u00f3nio Jos\u00e9 Figueiredo (U.Aveiro)<\/td><td>Miguel Morais (U. Aveiro)<\/td><\/tr><tr><td>Carlos Couto (U. Aveiro)<\/td><td>Neusa Lima (U. Aveiro)<\/td><\/tr><tr><td>Joaquim Macedo (U. Aveiro)<\/td><td>Paulo Barreto Cachim (U. Aveiro)<\/td><\/tr><tr><td>Guilherme Ascens\u00e3o (U. Aveiro)<\/td><td>V\u00edtor Silva (U. Aveiro)<\/td><\/tr><\/tbody><\/table><\/figure>\n\n\n\n<p class=\"has-light-green-cyan-background-color has-background has-medium-font-size\"><strong>Comiss\u00e3o Consultiva<\/strong><\/p>\n\n\n\n<!--\n<table style=\"width:100%; border-collapse: collapse; font-size:11pt;\">\n  <tr><td style=\"padding:10px;border: 1px solid #ccc;\">Ant\u00f3nio Tadeu (Presidente) (U. Coimbra)<\/td><\/tr>\n  <tr><td style=\"padding:10px;border: 1px solid #ccc;\">Jorge de Brito (Instituto Superior T\u00e9cnico)<\/td><\/tr>\n  <tr><td style=\"padding:10px;border: 1px solid #ccc;\">Manuela Almeida (U. Minho)<\/td><\/tr>\n  <tr><td style=\"padding:10px;border: 1px solid #ccc;\">Paulina Faria (U. Nova de Lisboa)<\/td><\/tr>\n  <tr><td style=\"padding:10px;border: 1px solid #ccc;\">Vasco de Freitas (U. Porto)<\/td><\/tr>\n  <tr><td style=\"padding:10px;border: 1px solid #ccc;\">Victor Ferreira (U. Aveiro)<\/td><\/tr>\n<\/table>\n-->\n\n\n\n<figure class=\"wp-block-table\"><table class=\"has-fixed-layout\"><tbody><tr><td>Ant\u00f3nio Tadeu (presidente) (U. Coimbra)<\/td><\/tr><tr><td>Jorge de Brito (Instituto Superior T\u00e9cnico)<\/td><\/tr><tr><td>Manuela Almeida (U. Minho)<\/td><\/tr><tr><td>Paulina Faria (U. Nova de Lisboa)<\/td><\/tr><tr><td>Vasco de Freitas (U. Porto)<\/td><\/tr><tr><td>Victor Ferreira (U. Aveiro)<\/td><\/tr><\/tbody><\/table><\/figure>\n\n\n\n<p class=\"has-light-green-cyan-background-color has-background has-medium-font-size\"><strong>Comiss\u00e3o Cient\u00edfica<\/strong><\/p>\n\n\n\n<p><\/p>\n\n\n\n<figure class=\"wp-block-table\"><table class=\"has-fixed-layout\"><tbody><tr><td>Romeu Vicente (presidente) (U. Aveiro)<\/td><td>Jo\u00e3o Paulo Rodrigues (U. Coimbra)<\/td><\/tr><tr><td>Hugo Rodrigues (vice-presidente) (U. Aveiro)<\/td><td>Jo\u00e3o Pedro Couto (U. Minho)<\/td><\/tr><tr><td>Aires Cam\u00f5es (U. Minho)<\/td><td>Jo\u00e3o Pedro Firmo (U. Lisboa &#8211; IST)<\/td><\/tr><tr><td>Agostinho Benta (U. Aveiro)<\/td><td>Jo\u00e3o Po\u00e7as Martins (U. Porto &#8211; FEUP)<\/td><\/tr><tr><td>Albano Neves e Sousa (U. Lisboa &#8211; IST)<\/td><td>Jo\u00e3o Ram\u00f4a Correia (U. Lisboa &#8211; IST)<\/td><\/tr><tr><td>\u00c1lvaro Vale e Azevedo (LNEC)<\/td><td>Joaquim Macedo (U. Aveiro)<\/td><\/tr><tr><td>Alfredo Dias (U. Coimbra)<\/td><td>Joana Duarte (U. Porto &#8211; FEUP)<\/td><\/tr><tr><td>Ana Briga S\u00e1 (U. Tr\u00e1s-os-Montes e Alto Douro)<\/td><td>Joana Maia Oliveira Almeida (I.P. Viana do Castelo)<\/td><\/tr><tr><td>Ana Paula Pinto (U. Lisboa &#8211; IST)<\/td><td>Jorge Branco (U. Minho)<\/td><\/tr><tr><td>Ana Pereira Roders (TU Delft)<\/td><td>Jorge de Brito (U. Lisboa &#8211; IST)<\/td><\/tr><tr><td>Ana Ramos (Instituto Polit\u00e9cnico de Castelo Branco)<\/td><td>Jos\u00e9 Alexandre Bogas (U. Lisboa &#8211; IST)<\/td><\/tr><tr><td>Ana Sofia Guimar\u00e3es (U. Porto &#8211; FEUP)<\/td><td>Jos\u00e9 Barroso Aguiar (U. Minho)<\/td><\/tr><tr><td>Ana Vaz Ferreira I.P. (I.P. Castelo Branco)<\/td><td>Jos\u00e9 Gonilha (U. Lisboa &#8211; IST)<\/td><\/tr><tr><td>Ana Velosa (U. Aveiro)<\/td><td>Jos\u00e9 Dinis Silvestre (U. Lisboa &#8211; IST)<\/td><\/tr><tr><td>Anabela Paiva (U. Tr\u00e1s-os-Montes e Alto Douro)<\/td><td>Julieta Ant\u00f3nio (U. Coimbra)<\/td><\/tr><tr><td>Andreia Pereira (U. Coimbra)<\/td><td>Helena Gervasio (U. Coimbra)<\/td><\/tr><tr><td>Ant\u00f3nio Curado (I.P. Viana do Castelo)<\/td><td>Luis Bragan\u00e7a (U. Minho)<\/td><\/tr><tr><td>Anibal Costa (U. Aveiro)<\/td><td>Lu\u00eds Godinho (U. Coimbra)<\/td><\/tr><tr><td>Angela Masuero (U. F. do Rio Grande do Sul)<\/td><td>Lu\u00eds Jorge (I.P. Castelo Branco)<\/td><\/tr><tr><td>Ant\u00f3nio Bettencourt Ribeiro (LNEC)<\/td><td>Lu\u00eds Juvandes (U. Porto)<\/td><\/tr><tr><td>Ant\u00f3nio Tadeu (U. Coimbra)<\/td><td>Manuela Almeida (U. Minho)<\/td><\/tr><tr><td>Ant\u00f3nio Aguiar Costa (U. Lisboa &#8211; IST)<\/td><td>Manuel Duarte Pinheiro (U. Lisboa &#8211; IST)<\/td><\/tr><tr><td>Ant\u00f3nio Jos\u00e9 Figueiredo (U. Aveiro)<\/td><td>Manuel Pinto (I.P. Viseu)<\/td><\/tr><tr><td>Ant\u00f3nio Santos Silva (LNEC)<\/td><td>Marcos Silvoso (U. F. do Rio de Janeiro)<\/td><\/tr><tr><td>Augusto Gomes (U. Lisboa &#8211; IST)<\/td><td>Margarida Lopes (U. Aveiro)<\/td><\/tr><tr><td>Armando Silva Afonso (U. Aveiro)<\/td><td>Maria da Gl\u00f3ria Gomes (U. Lisboa &#8211; IST)<\/td><\/tr><tr><td>Barbara Rangel (U. Porto &#8211; FEUP)<\/td><td>Maria Fernanda Rodrigues (U. Aveiro)<\/td><\/tr><tr><td>Carlos Oliveira Cruz (U. Lisboa &#8211; IST)<\/td><td>M\u00e1rio Garrido (U. Lisboa &#8211; IST)<\/td><\/tr><tr><td>Carlos Coelho (U. Aveiro)<\/td><td>Miguel Amado (U. Lisboa &#8211; IST)<\/td><\/tr><tr><td>Carlos Couto (U. Aveiro)<\/td><td>Miguel Azenha (U. Minho)<\/td><\/tr><tr><td>Cintia Maria Ariani Fontes (U. E. de Feira de Santana)<\/td><td>Miguel Oliveira (U. Algarve)<\/td><\/tr><tr><td>Clara Pereira (U. Lisboa &#8211; IST)<\/td><td>Miguel Morais (U. Aveiro)<\/td><\/tr><tr><td>Clara Pimenta do Vale (FAUP)<\/td><td>Nuno Lopes (U. Aveiro)<\/td><\/tr><tr><td>Cleber Dias (U. F. da Bahia)<\/td><td>Nuno Ramos (U. Porto &#8211; FEUP)<\/td><\/tr><tr><td>Cristina Matos Silva (U. Lisboa &#8211; IST)<\/td><td>Nuno Sim\u00f5es (U. Coimbra)<\/td><\/tr><tr><td>Daniel Aelenei (U. Nova de Lisboa)<\/td><td>Paula Couto (LNEC)<\/td><\/tr><tr><td>Daniel Oliveira (U. Minho)<\/td><td>Paulina Faria (Universidade Nova de Lisboa)<\/td><\/tr><tr><td>Diogo Ribeiro (Instituto Superior de Engenharia do Porto)<\/td><td>Paulo Fernandes (I.P. Leiria)<\/td><\/tr><tr><td>Diogo Mateus (U. Coimbra)<\/td><td>Paulo Louren\u00e7o (U. Minho)<\/td><\/tr><tr><td>Edna Possan (U. F. da Integra\u00e7\u00e3o Latino Americana \u2013 UNILA)<\/td><td>Paulo Mendes (U. Coimbra)<\/td><\/tr><tr><td>Eduardo Cabral (Universidade Federal do Cear\u00e1)<\/td><td>Paulo Santos (U. Coimbra)<\/td><\/tr><tr><td>Eduarda Luso (Escola Superior de Tecnologia e Gest\u00e3o do I.P. Bragan\u00e7a)<\/td><td>Paulo Silva (U. Aveiro)<\/td><\/tr><tr><td>Eduardo Natividade (I.P. Coimbra)<\/td><td>Paulo Vila Real (U. Aveiro)<\/td><\/tr><tr><td>Egon Vettorazzi (U. F. da Integra\u00e7\u00e3o Latino Americana \u2013 UNILA)<\/td><td>Paulo Cachim (U. Aveiro)<\/td><\/tr><tr><td>Eva Barreira (U. Porto &#8211; FEUP)<\/td><td>Pedro Delgado (I.P. Viana do Castelo)<\/td><\/tr><tr><td>F\u00e1tima Farinha (U. Algarve)<\/td><td>Pedro Gaspar (U. Lisboa &#8211; FAUL)<\/td><\/tr><tr><td>Fernando Branco (U. Lisboa &#8211; IST)<\/td><td>Pedro Meda (U. Porto &#8211; FEUP)<\/td><\/tr><tr><td>Fernando G. Branco (U. Coimbra)<\/td><td>Pedro Raposeiro da Silva (Instituto Superior de Engenharia de Lisboa)<\/td><\/tr><tr><td>Fernando Pinho (Universidade Nova de Lisboa)<\/td><td>Raimundo Mendes da Silva (U. Coimbra)<\/td><\/tr><tr><td>Florindo Gaspar (I.P. Leiria)<\/td><td>Raul Manuel Esteves Sousa Fangueiro (U. Minho)<\/td><\/tr><tr><td>Francisco S. Fernandes (LREC)<\/td><td>Ricardo Almeida (I.P. Viseu)<\/td><\/tr><tr><td>Gra\u00e7a Vasconcelos (U. Minho)<\/td><td>Ricardo Lima (HES-SO-Universidade de Ci\u00eancias Aplicadas e Artes da Su\u00ed\u00e7a Ocidental)<\/td><\/tr><tr><td>Guilherme Ascens\u00e3o (U. Aveiro)<\/td><td>Ricardo Mateus (U. Minho)<\/td><\/tr><tr><td>Guilherme Chagas Cordeiro (Universidade Estadual do Norte Fluminense)<\/td><td>Rosana Mu\u00f1oz (Universidade Federal da Bahia)<\/td><\/tr><tr><td>Helena Cruz (LNEC)<\/td><td>Ros\u00e1rio Oliveira (Instituto Superior de Engenharia do Porto)<\/td><\/tr><tr><td>Hip\u00f3lito Sousa (U. Porto &#8211; FEUP)<\/td><td>Ros\u00e1rio Veiga (LNEC)<\/td><\/tr><tr><td>Holmer Savastano Junior (U. S\u00e3o Paulo)<\/td><td>Rui Fernandes P\u00f3voas (U. Porto &#8211; FAUP)<\/td><\/tr><tr><td>Hugo Costa (I.P. Coimbra)<\/td><td>Rui Alexandre de Oliveira (I.P. Bragan\u00e7a)<\/td><\/tr><tr><td>Humberto Varum (U. Porto &#8211; FEUP)<\/td><td>Rui Silva (Instituto Superior T\u00e9cnico)<\/td><\/tr><tr><td>In\u00eas Flores-Colen (U. Lisboa &#8211; IST)<\/td><td>Sandra Cunha (U. Minho)<\/td><\/tr><tr><td>In\u00eas Meireles (UA)<\/td><td>Sandra Monteiro Silva (U. Minho)<\/td><\/tr><tr><td>Isabel Martins (LNEC)<\/td><td>Susana Fonseca (LNEC)<\/td><\/tr><tr><td>Isabel Torres (U. Coimbra)<\/td><td>Silvino Capit\u00e3o (I.P. Coimbra)<\/td><\/tr><tr><td>Jo\u00e3o Baptista (U. Porto &#8211; FEUP)<\/td><td>Tiago Ferreira (Instituto Superior T\u00e9cnico)<\/td><\/tr><tr><td>Jo\u00e3o Castro Gomes (U. da Beira Interior)<\/td><td>Vanderley John (USP)<\/td><\/tr><tr><td>Jo\u00e3o Cust\u00f3dio (LNEC)<\/td><td>Vasco Peixoto de Freitas (U. Porto &#8211; FEUP)<\/td><\/tr><tr><td>Jo\u00e3o Gomes Ferreira (U. Lisboa &#8211; IST)<\/td><td>V\u00edtor Abrantes (U. Porto &#8211; FEUP)<\/td><\/tr><tr><td>Jo\u00e3o Lanzinha (U. da Beira Interior)<\/td><td>Victor Ferreira (U. Aveiro)<\/td><\/tr><tr><td>Jo\u00e3o Louren\u00e7o Marques (U. Aveiro)<\/td><td>V\u00edtor Sousa (U. Lisboa &#8211; IST)<\/td><\/tr><tr><td>Jo\u00e3o Nuno Pacheco (C5Lab)<\/td><td>Vitor Silva (U. Aveiro)<\/td><\/tr><\/tbody><\/table><\/figure>\n\n\n\n<p><\/p>\n","protected":false},"excerpt":{"rendered":"<p>Comiss\u00e3o Organizadora Victor Ferreira (presidente) (U. Aveiro) Hugo Rodrigues (U. Aveiro) Romeu Vicente (vice-presidente) (U. Aveiro) In\u00eas Meireles (U. Aveiro) Agostinho Benta (U. Aveiro) Maria Fernanda Rodrigues (U. Aveiro) Ana Velosa (U. Aveiro) Margarida Pinho Lopes (U. Aveiro) Ant\u00f3nio Jos\u00e9 Figueiredo (U.Aveiro) Miguel Morais (U. Aveiro) Carlos Couto (U. Aveiro) Neusa Lima (U. Aveiro) Joaquim &hellip; <\/p>\n<p class=\"link-more\"><a href=\"https:\/\/construcao2026.web.ua.pt\/index.php\/comissoes\/\" class=\"more-link\">Continuar a ler <span class=\"screen-reader-text\">&#8220;Comiss\u00f5es&#8221;<\/span><\/a><\/p>\n","protected":false},"author":1,"featured_media":0,"parent":0,"menu_order":0,"comment_status":"closed","ping_status":"closed","template":"","meta":{"footnotes":""},"class_list":["post-127","page","type-page","status-publish","hentry"],"_links":{"self":[{"href":"https:\/\/construcao2026.web.ua.pt\/index.php\/wp-json\/wp\/v2\/pages\/127","targetHints":{"allow":["GET"]}}],"collection":[{"href":"https:\/\/construcao2026.web.ua.pt\/index.php\/wp-json\/wp\/v2\/pages"}],"about":[{"href":"https:\/\/construcao2026.web.ua.pt\/index.php\/wp-json\/wp\/v2\/types\/page"}],"author":[{"embeddable":true,"href":"https:\/\/construcao2026.web.ua.pt\/index.php\/wp-json\/wp\/v2\/users\/1"}],"replies":[{"embeddable":true,"href":"https:\/\/construcao2026.web.ua.pt\/index.php\/wp-json\/wp\/v2\/comments?post=127"}],"version-history":[{"count":52,"href":"https:\/\/construcao2026.web.ua.pt\/index.php\/wp-json\/wp\/v2\/pages\/127\/revisions"}],"predecessor-version":[{"id":785,"href":"https:\/\/construcao2026.web.ua.pt\/index.php\/wp-json\/wp\/v2\/pages\/127\/revisions\/785"}],"wp:attachment":[{"href":"https:\/\/construcao2026.web.ua.pt\/index.php\/wp-json\/wp\/v2\/media?parent=127"}],"curies":[{"name":"wp","href":"https:\/\/api.w.org\/{rel}","templated":true}]}}